{"id":2067,"date":"2019-09-13T11:13:47","date_gmt":"2019-09-13T14:13:47","guid":{"rendered":"http:\/\/nossacasa.net\/nossosriachos\/rios\/?page_id=2067"},"modified":"2020-02-11T14:37:55","modified_gmt":"2020-02-11T17:37:55","slug":"australoheros-capixaba","status":"publish","type":"page","link":"http:\/\/nossacasa.net\/nossosriachos\/tabuleiros\/australoheros-capixaba\/","title":{"rendered":"Australoheros capixaba"},"content":{"rendered":"<div style=\"text-align: justify\">\n<h1><em>Australoheros capixaba<\/em> Ottoni 2010<\/h1>\n<p><img loading=\"lazy\" decoding=\"async\" src=\"http:\/\/nossacasa.net\/nossosriachos\/tabuleiros\/wp-content\/uploads\/sites\/13\/2020\/02\/Australoheros-capixaba.png\" alt=\"\" width=\"800\" height=\"385\" class=\"aligncenter size-full wp-image-4628\" srcset=\"http:\/\/nossacasa.net\/nossosriachos\/tabuleiros\/wp-content\/uploads\/sites\/13\/2020\/02\/Australoheros-capixaba.png 800w, http:\/\/nossacasa.net\/nossosriachos\/tabuleiros\/wp-content\/uploads\/sites\/13\/2020\/02\/Australoheros-capixaba-300x144.png 300w, http:\/\/nossacasa.net\/nossosriachos\/tabuleiros\/wp-content\/uploads\/sites\/13\/2020\/02\/Australoheros-capixaba-768x370.png 768w, http:\/\/nossacasa.net\/nossosriachos\/tabuleiros\/wp-content\/uploads\/sites\/13\/2020\/02\/Australoheros-capixaba-500x241.png 500w\" sizes=\"auto, (max-width: 800px) 100vw, 800px\" \/><\/p>\n<p>Algumas caracter\u00edsticas da esp\u00e9cie <strong><em>Australoheros capixabaa<\/em><\/strong> est\u00e3o indicadas na figura acima.<\/p>\n<p>Possui o corpo alto, altura do corpo na origem da nadadeira dorsal 45% no comprimento padr\u00e3o. Ped\u00fanculo caudal longo, 11 a 16% no comprimento padr\u00e3o. Nadadeira dorsal com 15 espinhos mais 10 raios ramificados. Nadadeira anal com 7 espinhos mais 8 raios ramificados. <\/p>\n<p>A esp\u00e9cie <strong><em>Australoheros capixaba<\/em><\/strong> \u00e9 a \u00fanica representante do g\u00eanero <em><a href=\"http:\/\/nossacasa.net\/nossosriachos\/tabuleiros\/australoheros\/\">Australoheros<\/a><\/em> da fam\u00edlia <a href=\"http:\/\/nossacasa.net\/nossosriachos\/tabuleiros\/cichlidae\/\">Cichlidae<\/a> nas regi\u00f5es dos tabuleiros.\n<\/div>\n","protected":false},"excerpt":{"rendered":"<p>Australoheros capixaba Ottoni 2010 Algumas caracter\u00edsticas da esp\u00e9cie Australoheros capixabaa est\u00e3o indicadas na figura acima. Possui o corpo alto, altura do corpo na origem da nadadeira dorsal 45% no comprimento padr\u00e3o. Ped\u00fanculo caudal longo, 11 a 16% no comprimento padr\u00e3o. &hellip; <a href=\"http:\/\/nossacasa.net\/nossosriachos\/tabuleiros\/australoheros-capixaba\/\">Continue lendo <span class=\"meta-nav\">&rarr;<\/span><\/a><\/p>\n","protected":false},"author":1,"featured_media":4628,"parent":0,"menu_order":0,"comment_status":"closed","ping_status":"closed","template":"","meta":{"footnotes":""},"class_list":["post-2067","page","type-page","status-publish","has-post-thumbnail","hentry"],"_links":{"self":[{"href":"http:\/\/nossacasa.net\/nossosriachos\/tabuleiros\/wp-json\/wp\/v2\/pages\/2067","targetHints":{"allow":["GET"]}}],"collection":[{"href":"http:\/\/nossacasa.net\/nossosriachos\/tabuleiros\/wp-json\/wp\/v2\/pages"}],"about":[{"href":"http:\/\/nossacasa.net\/nossosriachos\/tabuleiros\/wp-json\/wp\/v2\/types\/page"}],"author":[{"embeddable":true,"href":"http:\/\/nossacasa.net\/nossosriachos\/tabuleiros\/wp-json\/wp\/v2\/users\/1"}],"replies":[{"embeddable":true,"href":"http:\/\/nossacasa.net\/nossosriachos\/tabuleiros\/wp-json\/wp\/v2\/comments?post=2067"}],"version-history":[{"count":3,"href":"http:\/\/nossacasa.net\/nossosriachos\/tabuleiros\/wp-json\/wp\/v2\/pages\/2067\/revisions"}],"predecessor-version":[{"id":4641,"href":"http:\/\/nossacasa.net\/nossosriachos\/tabuleiros\/wp-json\/wp\/v2\/pages\/2067\/revisions\/4641"}],"wp:featuredmedia":[{"embeddable":true,"href":"http:\/\/nossacasa.net\/nossosriachos\/tabuleiros\/wp-json\/wp\/v2\/media\/4628"}],"wp:attachment":[{"href":"http:\/\/nossacasa.net\/nossosriachos\/tabuleiros\/wp-json\/wp\/v2\/media?parent=2067"}],"curies":[{"name":"wp","href":"https:\/\/api.w.org\/{rel}","templated":true}]}}