{"id":2079,"date":"2019-09-13T11:20:09","date_gmt":"2019-09-13T14:20:09","guid":{"rendered":"http:\/\/nossacasa.net\/nossosriachos\/rios\/?page_id=2079"},"modified":"2020-02-11T15:06:52","modified_gmt":"2020-02-11T18:06:52","slug":"crenicichla-mucuryna","status":"publish","type":"page","link":"http:\/\/nossacasa.net\/nossosriachos\/tabuleiros\/crenicichla-mucuryna\/","title":{"rendered":"Crenicichla mucuryna"},"content":{"rendered":"<div style=\"text-align: justify\">\n<h1><em>Crenicichla mucuryna<\/em> Ihering 1914<\/h1>\n<div id=\"attachment_4645\" style=\"width: 810px\" class=\"wp-caption aligncenter\"><img loading=\"lazy\" decoding=\"async\" aria-describedby=\"caption-attachment-4645\" src=\"http:\/\/nossacasa.net\/nossosriachos\/tabuleiros\/wp-content\/uploads\/sites\/13\/2020\/02\/Crenicichla-mucuryna.png\" alt=\"\" width=\"800\" height=\"219\" class=\"size-full wp-image-4645\" srcset=\"http:\/\/nossacasa.net\/nossosriachos\/tabuleiros\/wp-content\/uploads\/sites\/13\/2020\/02\/Crenicichla-mucuryna.png 800w, http:\/\/nossacasa.net\/nossosriachos\/tabuleiros\/wp-content\/uploads\/sites\/13\/2020\/02\/Crenicichla-mucuryna-300x82.png 300w, http:\/\/nossacasa.net\/nossosriachos\/tabuleiros\/wp-content\/uploads\/sites\/13\/2020\/02\/Crenicichla-mucuryna-768x210.png 768w, http:\/\/nossacasa.net\/nossosriachos\/tabuleiros\/wp-content\/uploads\/sites\/13\/2020\/02\/Crenicichla-mucuryna-500x137.png 500w\" sizes=\"auto, (max-width: 800px) 100vw, 800px\" \/><p id=\"caption-attachment-4645\" class=\"wp-caption-text\">Foto: Fabio Vieira-fishbase.org<\/p><\/div>\n<p>Algumas caracter\u00edsticas da esp\u00e9cie <strong><em>Crenicichla mucuryna<\/em><\/strong> est\u00e3o indicadas na figura acima.<\/p>\n<p><strong><em>Crenicichla mucuryna<\/em><\/strong> tem um padr\u00e3o consp\u00edcuo de barras verticais estreitas e escuras em todo o meio e os lados do corpo. Apresenta um n\u00famero menor de escamas no ramo anterior da  linha lateral variando de 47 a 65 (Kullander; Lucena, 2006). <\/p>\n<p>A borda posterior do preop\u00e9rculo \u00e9 serrilhada ou denticulada em indiv\u00edduos adultos. Das esp\u00e9cies de Cichlidae com corpo alongado na regi\u00e3o <em>Crenicichla mucuryna<\/em> distingue-se pela nadadeira dorsal e anal sem escamas. Esp\u00e9cie pouco conhecida, necessita maiores estudos. Geograficamente substitu\u00edda por <em>Crenicichla lacustris<\/em> nos rios mais ao sul do rio Mucuri. <\/p>\n<p>S\u00e3o peixes encontrados em ambientes l\u00eanticos ou l\u00f3ticos. H\u00e1 registros para corredeiras, com profundidades que n\u00e3o alcan\u00e7am 1,5 m e fundo de areia com pedras (Kullander; Lucena, 2006). Registrada para o rio Mucuri em Minas Gerais e Bahia. Listada como esp\u00e9cie Em Perigo EN na lista vermelha estadual da Bahia.<\/p>\n<p>A esp\u00e9cie introduzida <strong><em>Crenicichla mucuryna<\/em><\/strong> \u00e9 a \u00fanica representante do g\u00eanero <em><a href=\"http:\/\/nossacasa.net\/nossosriachos\/tabuleiros\/crenicichla\/\">Crenicichla<\/a><\/em> da fam\u00edlia <a href=\"http:\/\/nossacasa.net\/nossosriachos\/tabuleiros\/cichlidae\/\">Cichlidae<\/a> nas regi\u00f5es dos tabuleiros.\n<\/div>\n","protected":false},"excerpt":{"rendered":"<p>Crenicichla mucuryna Ihering 1914 Algumas caracter\u00edsticas da esp\u00e9cie Crenicichla mucuryna est\u00e3o indicadas na figura acima. Crenicichla mucuryna tem um padr\u00e3o consp\u00edcuo de barras verticais estreitas e escuras em todo o meio e os lados do corpo. Apresenta um n\u00famero menor &hellip; <a href=\"http:\/\/nossacasa.net\/nossosriachos\/tabuleiros\/crenicichla-mucuryna\/\">Continue lendo <span class=\"meta-nav\">&rarr;<\/span><\/a><\/p>\n","protected":false},"author":1,"featured_media":4645,"parent":0,"menu_order":0,"comment_status":"closed","ping_status":"closed","template":"","meta":{"footnotes":""},"class_list":["post-2079","page","type-page","status-publish","has-post-thumbnail","hentry"],"_links":{"self":[{"href":"http:\/\/nossacasa.net\/nossosriachos\/tabuleiros\/wp-json\/wp\/v2\/pages\/2079","targetHints":{"allow":["GET"]}}],"collection":[{"href":"http:\/\/nossacasa.net\/nossosriachos\/tabuleiros\/wp-json\/wp\/v2\/pages"}],"about":[{"href":"http:\/\/nossacasa.net\/nossosriachos\/tabuleiros\/wp-json\/wp\/v2\/types\/page"}],"author":[{"embeddable":true,"href":"http:\/\/nossacasa.net\/nossosriachos\/tabuleiros\/wp-json\/wp\/v2\/users\/1"}],"replies":[{"embeddable":true,"href":"http:\/\/nossacasa.net\/nossosriachos\/tabuleiros\/wp-json\/wp\/v2\/comments?post=2079"}],"version-history":[{"count":3,"href":"http:\/\/nossacasa.net\/nossosriachos\/tabuleiros\/wp-json\/wp\/v2\/pages\/2079\/revisions"}],"predecessor-version":[{"id":4650,"href":"http:\/\/nossacasa.net\/nossosriachos\/tabuleiros\/wp-json\/wp\/v2\/pages\/2079\/revisions\/4650"}],"wp:featuredmedia":[{"embeddable":true,"href":"http:\/\/nossacasa.net\/nossosriachos\/tabuleiros\/wp-json\/wp\/v2\/media\/4645"}],"wp:attachment":[{"href":"http:\/\/nossacasa.net\/nossosriachos\/tabuleiros\/wp-json\/wp\/v2\/media?parent=2079"}],"curies":[{"name":"wp","href":"https:\/\/api.w.org\/{rel}","templated":true}]}}