{"id":2084,"date":"2019-09-13T11:23:10","date_gmt":"2019-09-13T14:23:10","guid":{"rendered":"http:\/\/nossacasa.net\/nossosriachos\/rios\/?page_id=2084"},"modified":"2020-02-11T15:50:41","modified_gmt":"2020-02-11T18:50:41","slug":"geophagus-brasiliensis","status":"publish","type":"page","link":"http:\/\/nossacasa.net\/nossosriachos\/tabuleiros\/geophagus-brasiliensis\/","title":{"rendered":"Geophagus brasiliensis"},"content":{"rendered":"<div style=\"text-align: justify\">\n<h1><em>Geophagus brasiliensis<\/em> (Quoy and Gaimard, 1824)<\/h1>\n<p><img loading=\"lazy\" decoding=\"async\" src=\"http:\/\/nossacasa.net\/nossosriachos\/tabuleiros\/wp-content\/uploads\/sites\/13\/2020\/02\/Geophagus_brasiliensis-.png\" alt=\"\" width=\"800\" height=\"430\" class=\"aligncenter size-full wp-image-4657\" srcset=\"http:\/\/nossacasa.net\/nossosriachos\/tabuleiros\/wp-content\/uploads\/sites\/13\/2020\/02\/Geophagus_brasiliensis-.png 800w, http:\/\/nossacasa.net\/nossosriachos\/tabuleiros\/wp-content\/uploads\/sites\/13\/2020\/02\/Geophagus_brasiliensis--300x161.png 300w, http:\/\/nossacasa.net\/nossosriachos\/tabuleiros\/wp-content\/uploads\/sites\/13\/2020\/02\/Geophagus_brasiliensis--768x413.png 768w, http:\/\/nossacasa.net\/nossosriachos\/tabuleiros\/wp-content\/uploads\/sites\/13\/2020\/02\/Geophagus_brasiliensis--500x269.png 500w\" sizes=\"auto, (max-width: 800px) 100vw, 800px\" \/><\/p>\n<p>Algumas caracter\u00edsticas da esp\u00e9cie <strong><em>Geophagus brasiliensis<\/em><\/strong> est\u00e3o indicadas na figura acima.<\/p>\n<p>S\u00e3o peixes com o primeiro arco branquial com l\u00f3bulo proeminente na regi\u00e3o dos rastros. Possuem uma barra vertical escura na altura da \u00f3rbita, como uma m\u00e1scara. Indiv\u00edduos maiores possuem m\u00e1cula verticalmente ovalada no meio do corpo; nadadeira caudal com colorido reticulado. <\/p>\n<p>Comuns em riachos da regi\u00e3o, especialmente abundantes em ambientes l\u00eanticos com leito de areia ou lama. Aparecem tamb\u00e9m nos pequenos riachos de correnteza moderada, junto a vegeta\u00e7\u00e3o. S\u00e3o peixes de h\u00e1bitos alimentares ili\u00f3fagos, consumindo pequenos invertebrados que vivem na vasa do leito fluvial. Estudos na regi\u00e3o indicam onivoria, com tend\u00eancia a carnivoria (Machado, 2017; Bueno, 2020). S\u00e3o peixes resilientes, sobrevivendo mesmo em rios impactados seja pela supress\u00e3o da vegeta\u00e7\u00e3o ciliar ou  polui\u00e7\u00e3o org\u00e2nica .<\/p>\n<p><strong><em>Geophagus brasiliensis<\/em><\/strong> vem sendo considerada como uma esp\u00e9cie de ampla distribui\u00e7\u00e3o, ocorrendo nas drenagens costeiras do Brasil at\u00e9 Uruguai e sistema do rio da Prata (Ara\u00fajo, 2011). H\u00e1 falta de evid\u00eancias sobre sobrexplota\u00e7\u00e3o desta esp\u00e9cie, capturada para pesca ou extrativismo para aquariofilia (MMA, 2018), <\/p>\n<p>A esp\u00e9cie <strong><em>Geophagus brasiliensis<\/em><\/strong> \u00e9 a \u00fanica representante do g\u00eanero <em><a href=\"http:\/\/nossacasa.net\/nossosriachos\/tabuleiros\/geophagus\/\">Geophagus<\/a><\/em> da fam\u00edlia <a href=\"http:\/\/nossacasa.net\/nossosriachos\/tabuleiros\/cichlidae\/\">Cichlidae<\/a> nas regi\u00f5es dos tabuleiros.\n<\/div>\n","protected":false},"excerpt":{"rendered":"<p>Geophagus brasiliensis (Quoy and Gaimard, 1824) Algumas caracter\u00edsticas da esp\u00e9cie Geophagus brasiliensis est\u00e3o indicadas na figura acima. S\u00e3o peixes com o primeiro arco branquial com l\u00f3bulo proeminente na regi\u00e3o dos rastros. Possuem uma barra vertical escura na altura da \u00f3rbita, &hellip; <a href=\"http:\/\/nossacasa.net\/nossosriachos\/tabuleiros\/geophagus-brasiliensis\/\">Continue lendo <span class=\"meta-nav\">&rarr;<\/span><\/a><\/p>\n","protected":false},"author":1,"featured_media":0,"parent":0,"menu_order":0,"comment_status":"closed","ping_status":"closed","template":"","meta":{"footnotes":""},"class_list":["post-2084","page","type-page","status-publish","hentry"],"_links":{"self":[{"href":"http:\/\/nossacasa.net\/nossosriachos\/tabuleiros\/wp-json\/wp\/v2\/pages\/2084","targetHints":{"allow":["GET"]}}],"collection":[{"href":"http:\/\/nossacasa.net\/nossosriachos\/tabuleiros\/wp-json\/wp\/v2\/pages"}],"about":[{"href":"http:\/\/nossacasa.net\/nossosriachos\/tabuleiros\/wp-json\/wp\/v2\/types\/page"}],"author":[{"embeddable":true,"href":"http:\/\/nossacasa.net\/nossosriachos\/tabuleiros\/wp-json\/wp\/v2\/users\/1"}],"replies":[{"embeddable":true,"href":"http:\/\/nossacasa.net\/nossosriachos\/tabuleiros\/wp-json\/wp\/v2\/comments?post=2084"}],"version-history":[{"count":3,"href":"http:\/\/nossacasa.net\/nossosriachos\/tabuleiros\/wp-json\/wp\/v2\/pages\/2084\/revisions"}],"predecessor-version":[{"id":4660,"href":"http:\/\/nossacasa.net\/nossosriachos\/tabuleiros\/wp-json\/wp\/v2\/pages\/2084\/revisions\/4660"}],"wp:attachment":[{"href":"http:\/\/nossacasa.net\/nossosriachos\/tabuleiros\/wp-json\/wp\/v2\/media?parent=2084"}],"curies":[{"name":"wp","href":"https:\/\/api.w.org\/{rel}","templated":true}]}}