{"id":2159,"date":"2019-09-13T14:16:50","date_gmt":"2019-09-13T17:16:50","guid":{"rendered":"http:\/\/nossacasa.net\/nossosriachos\/rios\/?page_id=2159"},"modified":"2019-09-13T14:16:50","modified_gmt":"2019-09-13T17:16:50","slug":"phalloceros-ocellatus","status":"publish","type":"page","link":"http:\/\/nossacasa.net\/nossosriachos\/tabuleiros\/phalloceros-ocellatus\/","title":{"rendered":"Phalloceros ocellatus"},"content":{"rendered":"<div style=\"text-align: justify\">\n<h1><em>Phalloceros ocellatus<\/em> Lucinda 2008<\/h1>\n<p>Algumas caracter\u00edsticas da esp\u00e9cie <em>Phalloceros ocellatus<\/em> est\u00e3o indicadas na figura acima.<\/p>\n<p>A esp\u00e9cie <em>Phalloceros ocellatus<\/em> \u00e9 a \u00fanica representantes do g\u00eanero <em><a href=\"http:\/\/nossacasa.net\/nossosriachos\/rios\/phalloceros\/\">Phalloceros<\/a><\/em> da fam\u00edlia <a href=\"http:\/\/nossacasa.net\/nossosriachos\/rios\/rivulidae\/\">Rivulidae<\/a> nas regi\u00f5es dos tabuleiros.\n<\/div>\n","protected":false},"excerpt":{"rendered":"<p>Phalloceros ocellatus Lucinda 2008 Algumas caracter\u00edsticas da esp\u00e9cie Phalloceros ocellatus est\u00e3o indicadas na figura acima. A esp\u00e9cie Phalloceros ocellatus \u00e9 a \u00fanica representantes do g\u00eanero Phalloceros da fam\u00edlia Rivulidae nas regi\u00f5es dos tabuleiros.<\/p>\n","protected":false},"author":1,"featured_media":1601,"parent":0,"menu_order":0,"comment_status":"closed","ping_status":"closed","template":"","meta":{"footnotes":""},"class_list":["post-2159","page","type-page","status-publish","has-post-thumbnail","hentry"],"_links":{"self":[{"href":"http:\/\/nossacasa.net\/nossosriachos\/tabuleiros\/wp-json\/wp\/v2\/pages\/2159","targetHints":{"allow":["GET"]}}],"collection":[{"href":"http:\/\/nossacasa.net\/nossosriachos\/tabuleiros\/wp-json\/wp\/v2\/pages"}],"about":[{"href":"http:\/\/nossacasa.net\/nossosriachos\/tabuleiros\/wp-json\/wp\/v2\/types\/page"}],"author":[{"embeddable":true,"href":"http:\/\/nossacasa.net\/nossosriachos\/tabuleiros\/wp-json\/wp\/v2\/users\/1"}],"replies":[{"embeddable":true,"href":"http:\/\/nossacasa.net\/nossosriachos\/tabuleiros\/wp-json\/wp\/v2\/comments?post=2159"}],"version-history":[{"count":0,"href":"http:\/\/nossacasa.net\/nossosriachos\/tabuleiros\/wp-json\/wp\/v2\/pages\/2159\/revisions"}],"wp:featuredmedia":[{"embeddable":true,"href":"http:\/\/nossacasa.net\/nossosriachos\/tabuleiros\/wp-json\/wp\/v2\/media\/1601"}],"wp:attachment":[{"href":"http:\/\/nossacasa.net\/nossosriachos\/tabuleiros\/wp-json\/wp\/v2\/media?parent=2159"}],"curies":[{"name":"wp","href":"https:\/\/api.w.org\/{rel}","templated":true}]}}