{"id":3054,"date":"2019-09-17T21:59:16","date_gmt":"2019-09-18T00:59:16","guid":{"rendered":"http:\/\/nossacasa.net\/nossosriachos\/rios\/?page_id=3054"},"modified":"2019-10-24T11:23:29","modified_gmt":"2019-10-24T14:23:29","slug":"chave-de-trichomycterus","status":"publish","type":"page","link":"http:\/\/nossacasa.net\/nossosriachos\/tabuleiros\/chave-de-trichomycterus\/","title":{"rendered":"Chave de Trichomycterus"},"content":{"rendered":"\n<table id=\"tablepress-63\" class=\"tablepress tablepress-id-63 tbody-has-connected-cells\">\n<tbody class=\"row-striping row-hover\">\n<tr class=\"row-1\">\n\t<td colspan=\"4\" class=\"column-1\"><h1>Chave de <em>Trichomycterus<\/em> <\/h1><br \/>\nOs <strong><a href=\"http:\/\/nossacasa.net\/nossosriachos\/tabuleiros\/Trichomycterus\/\">Trichomycterus<\/a> do Tabuleiro s\u00e3o representados por duas esp\u00e9cies: <strong><em><a href=\"http:\/\/nossacasa.net\/nossosriachos\/tabuleiros\/trichomycterus-alternatus\/\">Trichomycterus alternatus<\/a><\/em><\/strong>, <strong><em><a href=\"http:\/\/nossacasa.net\/nossosriachos\/tabuleiros\/trichomycterus- jequitinhonhae\/\">Trichomycterus jequitinhonhae<\/a><\/em><\/strong>  e <strong><a href=\"http:\/\/nossacasa.net\/nossosriachos\/tabuleiros\/trichomycteruspradensis\/\">Trichomycterus pradensis<\/a><\/strong>.<br \/>\n<br \/>\n<\/td>\n<\/tr>\n<tr class=\"row-2\">\n\t<td class=\"column-1\"><strong>1A<\/strong><\/td><td class=\"column-2\">Olhos pequenos, 11- 12% no comprimento da cabe\u00e7a; <br \/>\nPed\u00fanculo caudal moderado, 11,5 a 14,5% (em m\u00e9dia 13%) no comprimento padr\u00e3o.<br \/>\n<\/td><td class=\"column-3\"><a href=\"http:\/\/nossacasa.net\/nossosriachos\/tabuleiros\/trichomycterus-jequitinhonhae\/\"><strong><em>Trichomycterus jequitinhonhae<\/em><\/strong><\/a> <\/td><td class=\"column-4\"><img loading=\"lazy\" decoding=\"async\" src=\"http:\/\/nossacasa.net\/nossosriachos\/tabuleiros\/wp-content\/uploads\/sites\/13\/2019\/10\/Trichomycterus_1A.png\" alt=\"\" width=\"800\" height=\"158\" class=\"aligncenter size-full wp-image-4502\" srcset=\"http:\/\/nossacasa.net\/nossosriachos\/tabuleiros\/wp-content\/uploads\/sites\/13\/2019\/10\/Trichomycterus_1A.png 800w, http:\/\/nossacasa.net\/nossosriachos\/tabuleiros\/wp-content\/uploads\/sites\/13\/2019\/10\/Trichomycterus_1A-300x59.png 300w, http:\/\/nossacasa.net\/nossosriachos\/tabuleiros\/wp-content\/uploads\/sites\/13\/2019\/10\/Trichomycterus_1A-768x152.png 768w, http:\/\/nossacasa.net\/nossosriachos\/tabuleiros\/wp-content\/uploads\/sites\/13\/2019\/10\/Trichomycterus_1A-500x99.png 500w\" sizes=\"auto, (max-width: 800px) 100vw, 800px\" \/><\/td>\n<\/tr>\n<tr class=\"row-3\">\n\t<td class=\"column-1\"><strong>1B<\/strong><\/td><td class=\"column-2\">Olhos moderados, 13- 22% no comprimento da cabe\u00e7a; <br \/>\nPed\u00fanculo caudal baixo, menos de 11% no comprimento padr\u00e3o.<br \/>\n<\/td><td class=\"column-3\"><strong><a href=\"#2\">2<\/a><\/strong><\/td><td class=\"column-4\"><img loading=\"lazy\" decoding=\"async\" src=\"http:\/\/nossacasa.net\/nossosriachos\/tabuleiros\/wp-content\/uploads\/sites\/13\/2019\/10\/Trichomycterus_1B.png\" alt=\"\" width=\"800\" height=\"404\" class=\"aligncenter size-full wp-image-4504\" srcset=\"http:\/\/nossacasa.net\/nossosriachos\/tabuleiros\/wp-content\/uploads\/sites\/13\/2019\/10\/Trichomycterus_1B.png 800w, http:\/\/nossacasa.net\/nossosriachos\/tabuleiros\/wp-content\/uploads\/sites\/13\/2019\/10\/Trichomycterus_1B-300x152.png 300w, http:\/\/nossacasa.net\/nossosriachos\/tabuleiros\/wp-content\/uploads\/sites\/13\/2019\/10\/Trichomycterus_1B-768x388.png 768w, http:\/\/nossacasa.net\/nossosriachos\/tabuleiros\/wp-content\/uploads\/sites\/13\/2019\/10\/Trichomycterus_1B-500x253.png 500w\" sizes=\"auto, (max-width: 800px) 100vw, 800px\" \/><\/td>\n<\/tr>\n<tr class=\"row-4\">\n\t<td class=\"column-1\"><strong  id=\"2\">2A<\/strong><\/td><td class=\"column-2\">Nadadeira peitoral com 7 raios ramificados;<br \/>\nPlaca opercular com 15 a 23  odont\u00f3ides;<br \/>\nOlhos moderados, 16- 22% (m\u00e9dia 19%) no comprimento da cabe\u00e7a.<br \/>\n<\/td><td class=\"column-3\"><a href=\"http:\/\/nossacasa.net\/nossosriachos\/tabuleiros\/trichomycterus-alternatus\/\"><strong><em>Trichomycterus alternatus<\/em><\/strong><\/a> <\/td><td class=\"column-4\"><img loading=\"lazy\" decoding=\"async\" src=\"http:\/\/nossacasa.net\/nossosriachos\/tabuleiros\/wp-content\/uploads\/sites\/13\/2019\/10\/Trichomycterus_2A.png\" alt=\"\" width=\"800\" height=\"194\" class=\"aligncenter size-full wp-image-4505\" srcset=\"http:\/\/nossacasa.net\/nossosriachos\/tabuleiros\/wp-content\/uploads\/sites\/13\/2019\/10\/Trichomycterus_2A.png 800w, http:\/\/nossacasa.net\/nossosriachos\/tabuleiros\/wp-content\/uploads\/sites\/13\/2019\/10\/Trichomycterus_2A-300x73.png 300w, http:\/\/nossacasa.net\/nossosriachos\/tabuleiros\/wp-content\/uploads\/sites\/13\/2019\/10\/Trichomycterus_2A-768x186.png 768w, http:\/\/nossacasa.net\/nossosriachos\/tabuleiros\/wp-content\/uploads\/sites\/13\/2019\/10\/Trichomycterus_2A-500x121.png 500w\" sizes=\"auto, (max-width: 800px) 100vw, 800px\" \/><\/td>\n<\/tr>\n<tr class=\"row-5\">\n\t<td class=\"column-1\"><strong>2B<\/strong><\/td><td class=\"column-2\">Nadadeira peitoral com 8 raios ramificados;<br \/>\nPlaca opercular com 8 a 10 odont\u00f3ides;<br \/>\nOlhos moderados, 13- 19% (m\u00e9dia 16,5%) no comprimento da cabe\u00e7a.<br \/>\n<\/td><td class=\"column-3\"><a href=\"http:\/\/nossacasa.net\/nossosriachos\/tabuleiros\/trichomycterus-pradensis\/\"><strong><em>Trichomycterus pradensis<\/em><\/strong><\/a> <\/td><td class=\"column-4\"><img loading=\"lazy\" decoding=\"async\" src=\"http:\/\/nossacasa.net\/nossosriachos\/tabuleiros\/wp-content\/uploads\/sites\/13\/2019\/10\/Trichomycterus_2B.png\" alt=\"\" width=\"800\" height=\"238\" class=\"aligncenter size-full wp-image-4506\" srcset=\"http:\/\/nossacasa.net\/nossosriachos\/tabuleiros\/wp-content\/uploads\/sites\/13\/2019\/10\/Trichomycterus_2B.png 800w, http:\/\/nossacasa.net\/nossosriachos\/tabuleiros\/wp-content\/uploads\/sites\/13\/2019\/10\/Trichomycterus_2B-300x89.png 300w, http:\/\/nossacasa.net\/nossosriachos\/tabuleiros\/wp-content\/uploads\/sites\/13\/2019\/10\/Trichomycterus_2B-768x228.png 768w, http:\/\/nossacasa.net\/nossosriachos\/tabuleiros\/wp-content\/uploads\/sites\/13\/2019\/10\/Trichomycterus_2B-500x149.png 500w\" sizes=\"auto, (max-width: 800px) 100vw, 800px\" \/><\/td>\n<\/tr>\n<tr class=\"row-6\">\n\t<td colspan=\"4\" class=\"column-1\"><hr \/><br \/>\n<strong>Organiza\u00e7\u00e3o:<\/strong> L.M. Sarmento-Soares e R.F. Martins-Pinheiro.  <br \/>\n<strong>Figuras<\/strong>: L.M. Sarmento-Soares; T.C. Pessali e J.L.O. Birindelli.<br \/>\n<hr \/><br \/>\n<\/td>\n<\/tr>\n<\/tbody>\n<\/table>\n\n","protected":false},"excerpt":{"rendered":"","protected":false},"author":1,"featured_media":0,"parent":0,"menu_order":0,"comment_status":"closed","ping_status":"closed","template":"template-page-builder-no-header-footer.php","meta":{"footnotes":""},"class_list":["post-3054","page","type-page","status-publish","hentry"],"_links":{"self":[{"href":"http:\/\/nossacasa.net\/nossosriachos\/tabuleiros\/wp-json\/wp\/v2\/pages\/3054","targetHints":{"allow":["GET"]}}],"collection":[{"href":"http:\/\/nossacasa.net\/nossosriachos\/tabuleiros\/wp-json\/wp\/v2\/pages"}],"about":[{"href":"http:\/\/nossacasa.net\/nossosriachos\/tabuleiros\/wp-json\/wp\/v2\/types\/page"}],"author":[{"embeddable":true,"href":"http:\/\/nossacasa.net\/nossosriachos\/tabuleiros\/wp-json\/wp\/v2\/users\/1"}],"replies":[{"embeddable":true,"href":"http:\/\/nossacasa.net\/nossosriachos\/tabuleiros\/wp-json\/wp\/v2\/comments?post=3054"}],"version-history":[{"count":1,"href":"http:\/\/nossacasa.net\/nossosriachos\/tabuleiros\/wp-json\/wp\/v2\/pages\/3054\/revisions"}],"predecessor-version":[{"id":4494,"href":"http:\/\/nossacasa.net\/nossosriachos\/tabuleiros\/wp-json\/wp\/v2\/pages\/3054\/revisions\/4494"}],"wp:attachment":[{"href":"http:\/\/nossacasa.net\/nossosriachos\/tabuleiros\/wp-json\/wp\/v2\/media?parent=3054"}],"curies":[{"name":"wp","href":"https:\/\/api.w.org\/{rel}","templated":true}]}}