{"id":3058,"date":"2019-09-17T22:01:06","date_gmt":"2019-09-18T01:01:06","guid":{"rendered":"http:\/\/nossacasa.net\/nossosriachos\/rios\/?page_id=3058"},"modified":"2019-09-17T22:01:06","modified_gmt":"2019-09-18T01:01:06","slug":"chave-de-microglanis","status":"publish","type":"page","link":"http:\/\/nossacasa.net\/nossosriachos\/tabuleiros\/chave-de-microglanis\/","title":{"rendered":"Chave de Microglanis"},"content":{"rendered":"\n<table id=\"tablepress-58\" class=\"tablepress tablepress-id-58 tbody-has-connected-cells\">\n<tbody class=\"row-striping row-hover\">\n<tr class=\"row-1\">\n\t<td colspan=\"4\" class=\"column-1\">Os <strong><a href=\"http:\/\/nossacasa.net\/nossosriachos\/tabuleiros\/microglanis \/\"><em>Microglanis<\/em><\/a> do Tabuleiro s\u00e3o representados por duas esp\u00e9cies: <strong><em><a href=\"http:\/\/nossacasa.net\/nossosriachos\/tabuleiros\/microglanis -pataxo\/\">Microglanis pataxo<\/a><\/em><\/strong> e <strong><a href=\"http:\/\/nossacasa.net\/nossosriachos\/tabuleiros\/microglanis -minutus\/\"><em> Microglanis minutus<\/em><\/a><\/strong>.<\/td>\n<\/tr>\n<tr class=\"row-2\">\n\t<td class=\"column-1\"><strong>1A<\/strong><\/td><td class=\"column-2\">Cabe\u00e7a larga, largura entre 68 a 74% no comprimento da cabe\u00e7a;<br \/>\nEspinho da nadadeira peitoral com 7 serrilhas retrorsas posteriores;<br \/>\nPed\u00fanculo caudal com mancha irregular ou triangular.<br \/>\n<\/td><td class=\"column-3\"><strong><em><a href=\"http:\/\/nossacasa.net\/nossosriachos\/tabuleiros\/microglanis-pataxo\/\">Microglanis pataxo<\/a><\/em><\/strong><\/td><td class=\"column-4\"><img loading=\"lazy\" decoding=\"async\" src=\"http:\/\/nossacasa.net\/nossosriachos\/tabuleiros\/wp-content\/uploads\/sites\/13\/2019\/10\/Microglanis-pataxo.png\" alt=\"\" width=\"800\" height=\"309\" class=\"aligncenter size-full wp-image-4454\" srcset=\"http:\/\/nossacasa.net\/nossosriachos\/tabuleiros\/wp-content\/uploads\/sites\/13\/2019\/10\/Microglanis-pataxo.png 800w, http:\/\/nossacasa.net\/nossosriachos\/tabuleiros\/wp-content\/uploads\/sites\/13\/2019\/10\/Microglanis-pataxo-300x116.png 300w, http:\/\/nossacasa.net\/nossosriachos\/tabuleiros\/wp-content\/uploads\/sites\/13\/2019\/10\/Microglanis-pataxo-768x297.png 768w, http:\/\/nossacasa.net\/nossosriachos\/tabuleiros\/wp-content\/uploads\/sites\/13\/2019\/10\/Microglanis-pataxo-500x193.png 500w\" sizes=\"auto, (max-width: 800px) 100vw, 800px\" \/><\/td>\n<\/tr>\n<tr class=\"row-3\">\n\t<td class=\"column-1\"><strong>1B<\/strong><\/td><td class=\"column-2\">Cabe\u00e7a estreita, largura entre 45 a 62% no comprimento da cabe\u00e7a;<br \/>\nEspinho da nadadeira peitoral com 8 a 10 serrilhas retrorsas posteriores;<br \/>\nPed\u00fanculo caudal com mancha irregular.<br \/>\n<\/td><td class=\"column-3\"><strong><em><a href=\"http:\/\/nossacasa.net\/nossosriachos\/tabuleiros\/microglanis-minutus\/\">Microglanis minutus<\/a><\/em><\/strong><\/td><td class=\"column-4\"><img loading=\"lazy\" decoding=\"async\" src=\"http:\/\/nossacasa.net\/nossosriachos\/tabuleiros\/wp-content\/uploads\/sites\/13\/2019\/10\/Microglanis-minutus.png\" alt=\"\" width=\"800\" height=\"297\" class=\"aligncenter size-full wp-image-4453\" srcset=\"http:\/\/nossacasa.net\/nossosriachos\/tabuleiros\/wp-content\/uploads\/sites\/13\/2019\/10\/Microglanis-minutus.png 800w, http:\/\/nossacasa.net\/nossosriachos\/tabuleiros\/wp-content\/uploads\/sites\/13\/2019\/10\/Microglanis-minutus-300x111.png 300w, http:\/\/nossacasa.net\/nossosriachos\/tabuleiros\/wp-content\/uploads\/sites\/13\/2019\/10\/Microglanis-minutus-768x285.png 768w, http:\/\/nossacasa.net\/nossosriachos\/tabuleiros\/wp-content\/uploads\/sites\/13\/2019\/10\/Microglanis-minutus-500x186.png 500w\" sizes=\"auto, (max-width: 800px) 100vw, 800px\" \/><\/td>\n<\/tr>\n<tr class=\"row-4\">\n\t<td colspan=\"4\" class=\"column-1\"><hr \/><br \/>\n<strong>Organiza\u00e7\u00e3o:<\/strong> L.M. Sarmento-Soares e R.F. Martins-Pinheiro.  <br \/>\n<strong>Imagens<\/strong>: L.M. Sarmento-Soares, T.C. Pessali e C.B.M. Alves.<br \/>\n<hr \/><\/td>\n<\/tr>\n<tr class=\"row-5\">\n\t<td colspan=\"4\" class=\"column-1\">Obs: <em>Microglanis minutus<\/em> foi descrita para o rio Barra Seca, no norte do Esp\u00edrito Santo . A distin\u00e7\u00e3o em rela\u00e7\u00e3o a cong\u00eanere <em>Microglanis patax<\/em>o anteriormente descrita para o extremo sul da Bahia \u00e9 sutil, uma vez que se baseia em detalhes vari\u00e1veis, tanto de colorido como de propor\u00e7\u00f5es corporais, e n\u00e3o se tem seguran\u00e7a quanto a separa\u00e7\u00e3o destas, sendo poss\u00edvel tratar-se de um sin\u00f4nimo junior. <\/td>\n<\/tr>\n<\/tbody>\n<\/table>\n\n","protected":false},"excerpt":{"rendered":"","protected":false},"author":1,"featured_media":0,"parent":0,"menu_order":0,"comment_status":"closed","ping_status":"closed","template":"template-page-builder-no-header-footer.php","meta":{"footnotes":""},"class_list":["post-3058","page","type-page","status-publish","hentry"],"_links":{"self":[{"href":"http:\/\/nossacasa.net\/nossosriachos\/tabuleiros\/wp-json\/wp\/v2\/pages\/3058","targetHints":{"allow":["GET"]}}],"collection":[{"href":"http:\/\/nossacasa.net\/nossosriachos\/tabuleiros\/wp-json\/wp\/v2\/pages"}],"about":[{"href":"http:\/\/nossacasa.net\/nossosriachos\/tabuleiros\/wp-json\/wp\/v2\/types\/page"}],"author":[{"embeddable":true,"href":"http:\/\/nossacasa.net\/nossosriachos\/tabuleiros\/wp-json\/wp\/v2\/users\/1"}],"replies":[{"embeddable":true,"href":"http:\/\/nossacasa.net\/nossosriachos\/tabuleiros\/wp-json\/wp\/v2\/comments?post=3058"}],"version-history":[{"count":0,"href":"http:\/\/nossacasa.net\/nossosriachos\/tabuleiros\/wp-json\/wp\/v2\/pages\/3058\/revisions"}],"wp:attachment":[{"href":"http:\/\/nossacasa.net\/nossosriachos\/tabuleiros\/wp-json\/wp\/v2\/media?parent=3058"}],"curies":[{"name":"wp","href":"https:\/\/api.w.org\/{rel}","templated":true}]}}