{"id":4614,"date":"2020-02-11T11:48:42","date_gmt":"2020-02-11T14:48:42","guid":{"rendered":"http:\/\/nossacasa.net\/nossosriachos\/tabuleiros\/?page_id=4614"},"modified":"2020-02-11T11:57:57","modified_gmt":"2020-02-11T14:57:57","slug":"astronotus","status":"publish","type":"page","link":"http:\/\/nossacasa.net\/nossosriachos\/tabuleiros\/astronotus\/","title":{"rendered":"Astronotus"},"content":{"rendered":"<div style=\"text-align: justify\">\n<h1>Os <em>Astronotus<\/em> Swainson, 1839<\/h1>\n<p><img loading=\"lazy\" decoding=\"async\" src=\"http:\/\/nossacasa.net\/nossosriachos\/tabuleiros\/wp-content\/uploads\/sites\/13\/2020\/02\/Astronotus.png\" alt=\"\" width=\"800\" height=\"344\" class=\"aligncenter size-full wp-image-4616\" srcset=\"http:\/\/nossacasa.net\/nossosriachos\/tabuleiros\/wp-content\/uploads\/sites\/13\/2020\/02\/Astronotus.png 800w, http:\/\/nossacasa.net\/nossosriachos\/tabuleiros\/wp-content\/uploads\/sites\/13\/2020\/02\/Astronotus-300x129.png 300w, http:\/\/nossacasa.net\/nossosriachos\/tabuleiros\/wp-content\/uploads\/sites\/13\/2020\/02\/Astronotus-768x330.png 768w, http:\/\/nossacasa.net\/nossosriachos\/tabuleiros\/wp-content\/uploads\/sites\/13\/2020\/02\/Astronotus-500x215.png 500w\" sizes=\"auto, (max-width: 800px) 100vw, 800px\" \/><\/p>\n<p>Algumas caracter\u00edsticas do g\u00eanero <strong><em>Astronotus<\/em><\/strong> est\u00e3o indicadas na figura acima.<\/p>\n<p>Ramo superior da linha lateral com 19 a 21 escamas (seta branca). Ramo inferior da linha lateral com 15 a 16 escamas perfuradas (seta branca). Nadadeira anal com 15 a 17 raios ramificados. Barras verticais cont\u00ednuas nas laterais do corpo. <\/p>\n<p>F\u00e1cil distingui-los dentre os demais Cichlidae na regi\u00e3o por conta do ocelo na base da cauda. Nadadeira dorsal descont\u00ednua, baixa em sua por\u00e7\u00e3o anterior e alta posteriormente. Espinhos curtos na nadadeira dorsal; por\u00e7\u00e3o da dorsal com raios ramificados longos. Na maioria dos Cichlidae nos tabuleiros a dorsal \u00e9 cont\u00ednua.<\/p>\n<p>O g\u00eanero<strong><em> Astronotus<\/em><\/strong> \u00e9 um dos sete g\u00eaneros da fam\u00edlia <a href=\"http:\/\/nossacasa.net\/nossosriachos\/tabuleiros\/cichlidae\/\">Cichlidae<\/a> representante dos <a href=\"http:\/\/nossacasa.net\/nossosriachos\/tabuleiros\/cichliformes\/\">Cichliformes<\/a> nas regi\u00f5es dos tabuleiros. <\/p>\n<p>Na regi\u00e3o dos tabuleiros da Mata Atl\u00e2ntica encontramos uma \u00fanica esp\u00e9cie do g\u00eanero <strong><em> Astronotus<\/em><\/strong>: <em><a href=\"http:\/\/nossacasa.net\/nossosriachos\/tabuleiros\/astronotus-ocellatus\/\">Astronotus ocellatus<\/a><\/em>.<\/p>\n<hr>\n<\/div>\n","protected":false},"excerpt":{"rendered":"<p>Os Astronotus Swainson, 1839 Algumas caracter\u00edsticas do g\u00eanero Astronotus est\u00e3o indicadas na figura acima. Ramo superior da linha lateral com 19 a 21 escamas (seta branca). Ramo inferior da linha lateral com 15 a 16 escamas perfuradas (seta branca). Nadadeira &hellip; <a href=\"http:\/\/nossacasa.net\/nossosriachos\/tabuleiros\/astronotus\/\">Continue lendo <span class=\"meta-nav\">&rarr;<\/span><\/a><\/p>\n","protected":false},"author":1,"featured_media":0,"parent":0,"menu_order":0,"comment_status":"closed","ping_status":"closed","template":"","meta":{"footnotes":""},"class_list":["post-4614","page","type-page","status-publish","hentry"],"_links":{"self":[{"href":"http:\/\/nossacasa.net\/nossosriachos\/tabuleiros\/wp-json\/wp\/v2\/pages\/4614","targetHints":{"allow":["GET"]}}],"collection":[{"href":"http:\/\/nossacasa.net\/nossosriachos\/tabuleiros\/wp-json\/wp\/v2\/pages"}],"about":[{"href":"http:\/\/nossacasa.net\/nossosriachos\/tabuleiros\/wp-json\/wp\/v2\/types\/page"}],"author":[{"embeddable":true,"href":"http:\/\/nossacasa.net\/nossosriachos\/tabuleiros\/wp-json\/wp\/v2\/users\/1"}],"replies":[{"embeddable":true,"href":"http:\/\/nossacasa.net\/nossosriachos\/tabuleiros\/wp-json\/wp\/v2\/comments?post=4614"}],"version-history":[{"count":3,"href":"http:\/\/nossacasa.net\/nossosriachos\/tabuleiros\/wp-json\/wp\/v2\/pages\/4614\/revisions"}],"predecessor-version":[{"id":4625,"href":"http:\/\/nossacasa.net\/nossosriachos\/tabuleiros\/wp-json\/wp\/v2\/pages\/4614\/revisions\/4625"}],"wp:attachment":[{"href":"http:\/\/nossacasa.net\/nossosriachos\/tabuleiros\/wp-json\/wp\/v2\/media?parent=4614"}],"curies":[{"name":"wp","href":"https:\/\/api.w.org\/{rel}","templated":true}]}}