{"id":491,"date":"2019-08-05T16:26:09","date_gmt":"2019-08-05T19:26:09","guid":{"rendered":"http:\/\/nossacasa.net\/nossosriachos\/rios\/?page_id=491"},"modified":"2019-09-23T11:01:16","modified_gmt":"2019-09-23T14:01:16","slug":"gobiidae","status":"publish","type":"page","link":"http:\/\/nossacasa.net\/nossosriachos\/tabuleiros\/gobiidae\/","title":{"rendered":"Gobiidae"},"content":{"rendered":"<div style=\"text-align: justify\">\n<strong>Os Gobiidae<\/strong> (Amor\u00e9s)<\/p>\n<p><img loading=\"lazy\" decoding=\"async\" src=\"http:\/\/nossacasa.net\/nossosriachos\/tabuleiros\/wp-content\/uploads\/sites\/8\/2019\/09\/Gobiidae.png\" alt=\"\" width=\"800\" height=\"312\" class=\"aligncenter size-full wp-image-1031\" \/><\/p>\n<p>Algumas caracter\u00edsticas da fam\u00edlia <strong>Gobiidae<\/strong> s\u00e3o ilustradas na figura acima.<\/p>\n<p>Peixes <strong>Gobiidae<\/strong> s\u00e3o geralmente pequenos, at\u00e9 150 mil\u00edmetros de comprimento padr\u00e3o (do focinho a base da cauda). Possuem a cabe\u00e7a larga, l\u00e1bios hipertrofiados e os olhos em posi\u00e7\u00e3o latero-superior. <\/p>\n<p>As nadadeiras p\u00e9lvicas est\u00e3o conectadas entre si, formando um disco, e por essa condi\u00e7\u00e3o s\u00e3o as vezes chamados de peixe flor (Figueiredo &amp; Menezes,  1985). <\/p>\n<p>As nadadeiras peitorais s\u00e3o amplas, e as esp\u00e9cies da regi\u00e3o apresentam duas nadadeiras dorsais. H\u00e1 uma esp\u00e9cie em estu\u00e1rios com nadadeira dorsal \u00fanica, mas esta nunca foi localizada na regi\u00e3o dos tabuleiros. <\/p>\n<p>A regi\u00e3o dos tabuleiros da Mata Atl\u00e2ntica \u00e9 habitada por peixes da fam\u00edlia <strong>Gobiidae<\/strong>, distribu\u00eddos em quatro g\u00eaneros: <em><a href=\"http:\/\/nossacasa.net\/nossosriachos\/tabuleiros\/awaous\/\">Awaous<\/a><\/em>, <em><a href=\"http:\/\/nossacasa.net\/nossosriachos\/tabuleiros\/bathygobius\/\">Bathygobius<\/a><\/em>, <em><a href=\"http:\/\/nossacasa.net\/nossosriachos\/tabuleiros\/gobionellus\/\">Gobionellus<\/a><\/em> e <em><a href=\"http:\/\/nossacasa.net\/nossosriachos\/tabuleiros\/ctenogobius\/\">Ctenogobius<\/a><\/em>.<\/p>\n<hr>\n<p><a href=\"http:\/\/nossacasa.net\/nossosriachos\/tabuleiros\/chave-de-gobiidae\/\"><strong>CHAVE DE GOBIIDAE<\/strong><\/a><\/p>\n<hr>\n<\/div>\n","protected":false},"excerpt":{"rendered":"<p>Os Gobiidae (Amor\u00e9s) Algumas caracter\u00edsticas da fam\u00edlia Gobiidae s\u00e3o ilustradas na figura acima. Peixes Gobiidae s\u00e3o geralmente pequenos, at\u00e9 150 mil\u00edmetros de comprimento padr\u00e3o (do focinho a base da cauda). Possuem a cabe\u00e7a larga, l\u00e1bios hipertrofiados e os olhos em &hellip; <a href=\"http:\/\/nossacasa.net\/nossosriachos\/tabuleiros\/gobiidae\/\">Continue lendo <span class=\"meta-nav\">&rarr;<\/span><\/a><\/p>\n","protected":false},"author":1,"featured_media":0,"parent":0,"menu_order":0,"comment_status":"closed","ping_status":"closed","template":"","meta":{"footnotes":""},"class_list":["post-491","page","type-page","status-publish","hentry"],"_links":{"self":[{"href":"http:\/\/nossacasa.net\/nossosriachos\/tabuleiros\/wp-json\/wp\/v2\/pages\/491","targetHints":{"allow":["GET"]}}],"collection":[{"href":"http:\/\/nossacasa.net\/nossosriachos\/tabuleiros\/wp-json\/wp\/v2\/pages"}],"about":[{"href":"http:\/\/nossacasa.net\/nossosriachos\/tabuleiros\/wp-json\/wp\/v2\/types\/page"}],"author":[{"embeddable":true,"href":"http:\/\/nossacasa.net\/nossosriachos\/tabuleiros\/wp-json\/wp\/v2\/users\/1"}],"replies":[{"embeddable":true,"href":"http:\/\/nossacasa.net\/nossosriachos\/tabuleiros\/wp-json\/wp\/v2\/comments?post=491"}],"version-history":[{"count":3,"href":"http:\/\/nossacasa.net\/nossosriachos\/tabuleiros\/wp-json\/wp\/v2\/pages\/491\/revisions"}],"predecessor-version":[{"id":3817,"href":"http:\/\/nossacasa.net\/nossosriachos\/tabuleiros\/wp-json\/wp\/v2\/pages\/491\/revisions\/3817"}],"wp:attachment":[{"href":"http:\/\/nossacasa.net\/nossosriachos\/tabuleiros\/wp-json\/wp\/v2\/media?parent=491"}],"curies":[{"name":"wp","href":"https:\/\/api.w.org\/{rel}","templated":true}]}}