{"id":850,"date":"2019-08-29T11:51:22","date_gmt":"2019-08-29T14:51:22","guid":{"rendered":"http:\/\/nossacasa.net\/nossosriachos\/rios\/?page_id=850"},"modified":"2019-09-22T17:01:43","modified_gmt":"2019-09-22T20:01:43","slug":"ariidae","status":"publish","type":"page","link":"http:\/\/nossacasa.net\/nossosriachos\/tabuleiros\/ariidae\/","title":{"rendered":"Ariidae"},"content":{"rendered":"<div style=\"text-align: justify\">\n<strong>Os Ariidae<\/strong> (Bagre de \u00e1gua salgada)<\/p>\n<p><img loading=\"lazy\" decoding=\"async\" src=\"http:\/\/nossacasa.net\/nossosriachos\/rios\/wp-content\/uploads\/sites\/8\/2019\/08\/Ariidae.png\" alt=\"\" width=\"800\" height=\"324\" class=\"aligncenter size-full wp-image-855\" srcset=\"http:\/\/nossacasa.net\/nossosriachos\/tabuleiros\/wp-content\/uploads\/sites\/13\/2019\/08\/Ariidae.png 800w, http:\/\/nossacasa.net\/nossosriachos\/tabuleiros\/wp-content\/uploads\/sites\/13\/2019\/08\/Ariidae-300x122.png 300w, http:\/\/nossacasa.net\/nossosriachos\/tabuleiros\/wp-content\/uploads\/sites\/13\/2019\/08\/Ariidae-768x311.png 768w, http:\/\/nossacasa.net\/nossosriachos\/tabuleiros\/wp-content\/uploads\/sites\/13\/2019\/08\/Ariidae-500x203.png 500w\" sizes=\"auto, (max-width: 800px) 100vw, 800px\" \/><\/p>\n<p>Algumas caracter\u00edsticas da fam\u00edlia <strong>Ariidae<\/strong>, s\u00e3o ilustradas na figura acima.<\/p>\n<p>Os peixes da fam\u00edlia <strong>Ariidae<\/strong> abrigam os bagres marinhos neotropicais, muitos deles comuns em \u00e1guas rasas da costa brasileira. Podem ser confundidos com os bagres de \u00e1gua doce <strong>Pimelodidae<\/strong>, dos quais podem facilmente se distinguir por possu\u00edrem as narinas anterior e posterior muito pr\u00f3ximas entre si (versus narinas afastadas entre si em <strong>Pimelodidae<\/strong>).  <\/p>\n<p>Bagres <strong>Ariidae<\/strong> apresentam a parte posterior da cabe\u00e7a muito ossificada e um escudo nucal bem desenvolvido, cuja forma ajuda na distin\u00e7\u00e3o entre algumas esp\u00e9cies. Os espinhos das nadadeiras dorsal e peitorais s\u00e3o providos de um ac\u00faleo pungente. As membranas branquiais unidas entre si e ao istmo. <\/p>\n<p>Muitas esp\u00e9cies de <strong>Ariidae<\/strong> adentram as \u00e1reas estuarinas de rios e lagoas. A esp\u00e9cie mais comum na regi\u00e3o \u00e9 o bagre urutu, <em><a href=\"http:\/\/nossacasa.net\/nossosriachos\/tabuleiros\/genidens-genidens\/\">Genidens genidens<\/a><\/em>. <\/p>\n<p>Os tabuleiros da Mata Atl\u00e2ntica s\u00e3o povoados por peixes pertencentes a quatro g\u00eanero da fam\u00edlia <strong>Ariidae<\/strong>: <em><a href=\"http:\/\/nossacasa.net\/nossosriachos\/tabuleiros\/bagre\/\">Bagre<\/a><\/em>, <em><a href=\"http:\/\/nossacasa.net\/nossosriachos\/tabuleiros\/cathorops\/\">Cathorops<\/a><\/em>, <em><a href=\"http:\/\/nossacasa.net\/nossosriachos\/tabuleiros\/genidens\/\">Genidens<\/a><\/em> e <em><a href=\"http:\/\/nossacasa.net\/nossosriachos\/tabuleiros\/paragenidens\/\">Paragenidens<\/a><\/em>. <\/p>\n<hr>\n<p><a href=\"http:\/\/nossacasa.net\/nossosriachos\/tabuleiros\/chave-de-ariidae\"><strong>CHAVE DE <em>ARIIDAE<\/em><\/strong><\/a>\n<\/div>\n","protected":false},"excerpt":{"rendered":"<p>Os Ariidae (Bagre de \u00e1gua salgada) Algumas caracter\u00edsticas da fam\u00edlia Ariidae, s\u00e3o ilustradas na figura acima. Os peixes da fam\u00edlia Ariidae abrigam os bagres marinhos neotropicais, muitos deles comuns em \u00e1guas rasas da costa brasileira. Podem ser confundidos com os &hellip; <a href=\"http:\/\/nossacasa.net\/nossosriachos\/tabuleiros\/ariidae\/\">Continue lendo <span class=\"meta-nav\">&rarr;<\/span><\/a><\/p>\n","protected":false},"author":1,"featured_media":0,"parent":0,"menu_order":0,"comment_status":"closed","ping_status":"closed","template":"","meta":{"footnotes":""},"class_list":["post-850","page","type-page","status-publish","hentry"],"_links":{"self":[{"href":"http:\/\/nossacasa.net\/nossosriachos\/tabuleiros\/wp-json\/wp\/v2\/pages\/850","targetHints":{"allow":["GET"]}}],"collection":[{"href":"http:\/\/nossacasa.net\/nossosriachos\/tabuleiros\/wp-json\/wp\/v2\/pages"}],"about":[{"href":"http:\/\/nossacasa.net\/nossosriachos\/tabuleiros\/wp-json\/wp\/v2\/types\/page"}],"author":[{"embeddable":true,"href":"http:\/\/nossacasa.net\/nossosriachos\/tabuleiros\/wp-json\/wp\/v2\/users\/1"}],"replies":[{"embeddable":true,"href":"http:\/\/nossacasa.net\/nossosriachos\/tabuleiros\/wp-json\/wp\/v2\/comments?post=850"}],"version-history":[{"count":2,"href":"http:\/\/nossacasa.net\/nossosriachos\/tabuleiros\/wp-json\/wp\/v2\/pages\/850\/revisions"}],"predecessor-version":[{"id":3666,"href":"http:\/\/nossacasa.net\/nossosriachos\/tabuleiros\/wp-json\/wp\/v2\/pages\/850\/revisions\/3666"}],"wp:attachment":[{"href":"http:\/\/nossacasa.net\/nossosriachos\/tabuleiros\/wp-json\/wp\/v2\/media?parent=850"}],"curies":[{"name":"wp","href":"https:\/\/api.w.org\/{rel}","templated":true}]}}