{"id":4619,"date":"2020-06-05T11:29:31","date_gmt":"2020-06-05T14:29:31","guid":{"rendered":"http:\/\/nossacasa.net\/nossosriachos\/tiririca\/?page_id=4619"},"modified":"2020-09-10T21:22:50","modified_gmt":"2020-09-11T00:22:50","slug":"grupo-17","status":"publish","type":"page","link":"http:\/\/nossacasa.net\/nossosriachos\/tiririca\/grupo-17\/","title":{"rendered":"Grupo 17"},"content":{"rendered":"<div style=\"text-align: justify;\">\n<hr \/>\n<p>O <strong>Grupo 17<\/strong> \u00e9 formado pelos <strong>ninhos de 151 a 160<\/strong> colocados na margem esquerda do c\u00f3rrego.<\/p>\n<hr \/>\n<p>Os ninhos do grupo 17 ainda n\u00e3o adotados.<\/p>\n<hr \/>\n<p><strong>ATIVIDADES<\/strong>: Na quinta-feira, 10\/09\/2020, Ronaldo, Luisa, Bebel e Ant\u00f4nio colocaram cobertura de material picado entre os ninhos.<\/p>\n<hr \/>\n<p><strong>FOTOS<\/strong>:<\/p>\n<hr \/>\n<p><img loading=\"lazy\" decoding=\"async\" src=\"http:\/\/nossacasa.net\/nossosriachos\/tiririca\/wp-content\/uploads\/sites\/12\/2020\/09\/Ronaldo_2020-09-10-at-17.44.55.jpeg\" alt=\"\" width=\"1032\" height=\"581\" class=\"aligncenter size-full wp-image-5094\" srcset=\"http:\/\/nossacasa.net\/nossosriachos\/tiririca\/wp-content\/uploads\/sites\/12\/2020\/09\/Ronaldo_2020-09-10-at-17.44.55.jpeg 1032w, http:\/\/nossacasa.net\/nossosriachos\/tiririca\/wp-content\/uploads\/sites\/12\/2020\/09\/Ronaldo_2020-09-10-at-17.44.55-300x169.jpeg 300w, http:\/\/nossacasa.net\/nossosriachos\/tiririca\/wp-content\/uploads\/sites\/12\/2020\/09\/Ronaldo_2020-09-10-at-17.44.55-1024x576.jpeg 1024w, http:\/\/nossacasa.net\/nossosriachos\/tiririca\/wp-content\/uploads\/sites\/12\/2020\/09\/Ronaldo_2020-09-10-at-17.44.55-768x432.jpeg 768w\" sizes=\"auto, (max-width: 767px) 89vw, (max-width: 1000px) 54vw, (max-width: 1071px) 543px, 580px\" \/><\/p>\n<p><img loading=\"lazy\" decoding=\"async\" src=\"http:\/\/nossacasa.net\/nossosriachos\/tiririca\/wp-content\/uploads\/sites\/12\/2020\/09\/Ronaldo_2020-09-10-at-17.44.55_1.jpeg\" alt=\"\" width=\"1032\" height=\"581\" class=\"aligncenter size-full wp-image-5095\" srcset=\"http:\/\/nossacasa.net\/nossosriachos\/tiririca\/wp-content\/uploads\/sites\/12\/2020\/09\/Ronaldo_2020-09-10-at-17.44.55_1.jpeg 1032w, http:\/\/nossacasa.net\/nossosriachos\/tiririca\/wp-content\/uploads\/sites\/12\/2020\/09\/Ronaldo_2020-09-10-at-17.44.55_1-300x169.jpeg 300w, http:\/\/nossacasa.net\/nossosriachos\/tiririca\/wp-content\/uploads\/sites\/12\/2020\/09\/Ronaldo_2020-09-10-at-17.44.55_1-1024x576.jpeg 1024w, http:\/\/nossacasa.net\/nossosriachos\/tiririca\/wp-content\/uploads\/sites\/12\/2020\/09\/Ronaldo_2020-09-10-at-17.44.55_1-768x432.jpeg 768w\" sizes=\"auto, (max-width: 767px) 89vw, (max-width: 1000px) 54vw, (max-width: 1071px) 543px, 580px\" \/><\/p>\n<p><img loading=\"lazy\" decoding=\"async\" src=\"http:\/\/nossacasa.net\/nossosriachos\/tiririca\/wp-content\/uploads\/sites\/12\/2020\/09\/Ronaldo_2020-09-10-at-17.44.57.jpeg\" alt=\"\" width=\"1032\" height=\"581\" class=\"aligncenter size-full wp-image-5096\" srcset=\"http:\/\/nossacasa.net\/nossosriachos\/tiririca\/wp-content\/uploads\/sites\/12\/2020\/09\/Ronaldo_2020-09-10-at-17.44.57.jpeg 1032w, http:\/\/nossacasa.net\/nossosriachos\/tiririca\/wp-content\/uploads\/sites\/12\/2020\/09\/Ronaldo_2020-09-10-at-17.44.57-300x169.jpeg 300w, http:\/\/nossacasa.net\/nossosriachos\/tiririca\/wp-content\/uploads\/sites\/12\/2020\/09\/Ronaldo_2020-09-10-at-17.44.57-1024x576.jpeg 1024w, http:\/\/nossacasa.net\/nossosriachos\/tiririca\/wp-content\/uploads\/sites\/12\/2020\/09\/Ronaldo_2020-09-10-at-17.44.57-768x432.jpeg 768w\" sizes=\"auto, (max-width: 767px) 89vw, (max-width: 1000px) 54vw, (max-width: 1071px) 543px, 580px\" \/><\/p>\n<p><img loading=\"lazy\" decoding=\"async\" src=\"http:\/\/nossacasa.net\/nossosriachos\/tiririca\/wp-content\/uploads\/sites\/12\/2020\/09\/Ronaldo_2020-09-10-at-17.44.57_1.jpeg\" alt=\"\" width=\"1032\" height=\"581\" class=\"aligncenter size-full wp-image-5097\" srcset=\"http:\/\/nossacasa.net\/nossosriachos\/tiririca\/wp-content\/uploads\/sites\/12\/2020\/09\/Ronaldo_2020-09-10-at-17.44.57_1.jpeg 1032w, http:\/\/nossacasa.net\/nossosriachos\/tiririca\/wp-content\/uploads\/sites\/12\/2020\/09\/Ronaldo_2020-09-10-at-17.44.57_1-300x169.jpeg 300w, http:\/\/nossacasa.net\/nossosriachos\/tiririca\/wp-content\/uploads\/sites\/12\/2020\/09\/Ronaldo_2020-09-10-at-17.44.57_1-1024x576.jpeg 1024w, http:\/\/nossacasa.net\/nossosriachos\/tiririca\/wp-content\/uploads\/sites\/12\/2020\/09\/Ronaldo_2020-09-10-at-17.44.57_1-768x432.jpeg 768w\" sizes=\"auto, (max-width: 767px) 89vw, (max-width: 1000px) 54vw, (max-width: 1071px) 543px, 580px\" \/><\/p>\n<p><img loading=\"lazy\" decoding=\"async\" src=\"http:\/\/nossacasa.net\/nossosriachos\/tiririca\/wp-content\/uploads\/sites\/12\/2020\/09\/Ronaldo_2020-09-10-at-17.44.57_2.jpeg\" alt=\"\" width=\"1032\" height=\"581\" class=\"aligncenter size-full wp-image-5098\" srcset=\"http:\/\/nossacasa.net\/nossosriachos\/tiririca\/wp-content\/uploads\/sites\/12\/2020\/09\/Ronaldo_2020-09-10-at-17.44.57_2.jpeg 1032w, http:\/\/nossacasa.net\/nossosriachos\/tiririca\/wp-content\/uploads\/sites\/12\/2020\/09\/Ronaldo_2020-09-10-at-17.44.57_2-300x169.jpeg 300w, http:\/\/nossacasa.net\/nossosriachos\/tiririca\/wp-content\/uploads\/sites\/12\/2020\/09\/Ronaldo_2020-09-10-at-17.44.57_2-1024x576.jpeg 1024w, http:\/\/nossacasa.net\/nossosriachos\/tiririca\/wp-content\/uploads\/sites\/12\/2020\/09\/Ronaldo_2020-09-10-at-17.44.57_2-768x432.jpeg 768w\" sizes=\"auto, (max-width: 767px) 89vw, (max-width: 1000px) 54vw, (max-width: 1071px) 543px, 580px\" \/><\/p>\n<p><img loading=\"lazy\" decoding=\"async\" src=\"http:\/\/nossacasa.net\/nossosriachos\/tiririca\/wp-content\/uploads\/sites\/12\/2020\/09\/Ronaldo_2020-09-10-at-17.45.00.jpeg\" alt=\"\" width=\"581\" height=\"1032\" class=\"aligncenter size-full wp-image-5099\" srcset=\"http:\/\/nossacasa.net\/nossosriachos\/tiririca\/wp-content\/uploads\/sites\/12\/2020\/09\/Ronaldo_2020-09-10-at-17.45.00.jpeg 581w, http:\/\/nossacasa.net\/nossosriachos\/tiririca\/wp-content\/uploads\/sites\/12\/2020\/09\/Ronaldo_2020-09-10-at-17.45.00-169x300.jpeg 169w, http:\/\/nossacasa.net\/nossosriachos\/tiririca\/wp-content\/uploads\/sites\/12\/2020\/09\/Ronaldo_2020-09-10-at-17.45.00-576x1024.jpeg 576w\" sizes=\"auto, (max-width: 581px) 100vw, 581px\" \/><\/p>\n<p><img loading=\"lazy\" decoding=\"async\" src=\"http:\/\/nossacasa.net\/nossosriachos\/tiririca\/wp-content\/uploads\/sites\/12\/2020\/09\/Ronaldo_2020-09-10-at-17.45.00_1.jpeg\" alt=\"\" width=\"1032\" height=\"581\" class=\"aligncenter size-full wp-image-5100\" srcset=\"http:\/\/nossacasa.net\/nossosriachos\/tiririca\/wp-content\/uploads\/sites\/12\/2020\/09\/Ronaldo_2020-09-10-at-17.45.00_1.jpeg 1032w, http:\/\/nossacasa.net\/nossosriachos\/tiririca\/wp-content\/uploads\/sites\/12\/2020\/09\/Ronaldo_2020-09-10-at-17.45.00_1-300x169.jpeg 300w, http:\/\/nossacasa.net\/nossosriachos\/tiririca\/wp-content\/uploads\/sites\/12\/2020\/09\/Ronaldo_2020-09-10-at-17.45.00_1-1024x576.jpeg 1024w, http:\/\/nossacasa.net\/nossosriachos\/tiririca\/wp-content\/uploads\/sites\/12\/2020\/09\/Ronaldo_2020-09-10-at-17.45.00_1-768x432.jpeg 768w\" sizes=\"auto, (max-width: 767px) 89vw, (max-width: 1000px) 54vw, (max-width: 1071px) 543px, 580px\" \/><\/p>\n<p><img loading=\"lazy\" decoding=\"async\" src=\"http:\/\/nossacasa.net\/nossosriachos\/tiririca\/wp-content\/uploads\/sites\/12\/2020\/09\/Ronaldo_2020-09-10-at-17.45.00_2.jpeg\" alt=\"\" width=\"1032\" height=\"581\" class=\"aligncenter size-full wp-image-5101\" srcset=\"http:\/\/nossacasa.net\/nossosriachos\/tiririca\/wp-content\/uploads\/sites\/12\/2020\/09\/Ronaldo_2020-09-10-at-17.45.00_2.jpeg 1032w, http:\/\/nossacasa.net\/nossosriachos\/tiririca\/wp-content\/uploads\/sites\/12\/2020\/09\/Ronaldo_2020-09-10-at-17.45.00_2-300x169.jpeg 300w, http:\/\/nossacasa.net\/nossosriachos\/tiririca\/wp-content\/uploads\/sites\/12\/2020\/09\/Ronaldo_2020-09-10-at-17.45.00_2-1024x576.jpeg 1024w, http:\/\/nossacasa.net\/nossosriachos\/tiririca\/wp-content\/uploads\/sites\/12\/2020\/09\/Ronaldo_2020-09-10-at-17.45.00_2-768x432.jpeg 768w\" sizes=\"auto, (max-width: 767px) 89vw, (max-width: 1000px) 54vw, (max-width: 1071px) 543px, 580px\" \/><\/p>\n<hr \/>\n<p><strong><a href=\"http:\/\/nossacasa.net\/nossosriachos\/tiririca\/grupo-17-ninhos-de-150-a-159\/\">Composi\u00e7\u00e3o bot\u00e2nica dos ninhos e entre ninhos do Grupo 17<\/a><\/strong><\/p>\n<hr \/>\n<\/div>\n","protected":false},"excerpt":{"rendered":"<p>O Grupo 17 \u00e9 formado pelos ninhos de 151 a 160 colocados na margem esquerda do c\u00f3rrego. Os ninhos do grupo 17 ainda n\u00e3o adotados. ATIVIDADES: Na quinta-feira, 10\/09\/2020, Ronaldo, Luisa, Bebel e Ant\u00f4nio colocaram cobertura de material picado entre os ninhos. FOTOS: Composi\u00e7\u00e3o bot\u00e2nica dos ninhos e entre ninhos do Grupo 17<\/p>\n","protected":false},"author":1,"featured_media":2773,"parent":0,"menu_order":0,"comment_status":"closed","ping_status":"closed","template":"","meta":{"footnotes":""},"class_list":["post-4619","page","type-page","status-publish","has-post-thumbnail","hentry"],"_links":{"self":[{"href":"http:\/\/nossacasa.net\/nossosriachos\/tiririca\/wp-json\/wp\/v2\/pages\/4619","targetHints":{"allow":["GET"]}}],"collection":[{"href":"http:\/\/nossacasa.net\/nossosriachos\/tiririca\/wp-json\/wp\/v2\/pages"}],"about":[{"href":"http:\/\/nossacasa.net\/nossosriachos\/tiririca\/wp-json\/wp\/v2\/types\/page"}],"author":[{"embeddable":true,"href":"http:\/\/nossacasa.net\/nossosriachos\/tiririca\/wp-json\/wp\/v2\/users\/1"}],"replies":[{"embeddable":true,"href":"http:\/\/nossacasa.net\/nossosriachos\/tiririca\/wp-json\/wp\/v2\/comments?post=4619"}],"version-history":[{"count":4,"href":"http:\/\/nossacasa.net\/nossosriachos\/tiririca\/wp-json\/wp\/v2\/pages\/4619\/revisions"}],"predecessor-version":[{"id":5102,"href":"http:\/\/nossacasa.net\/nossosriachos\/tiririca\/wp-json\/wp\/v2\/pages\/4619\/revisions\/5102"}],"wp:featuredmedia":[{"embeddable":true,"href":"http:\/\/nossacasa.net\/nossosriachos\/tiririca\/wp-json\/wp\/v2\/media\/2773"}],"wp:attachment":[{"href":"http:\/\/nossacasa.net\/nossosriachos\/tiririca\/wp-json\/wp\/v2\/media?parent=4619"}],"curies":[{"name":"wp","href":"https:\/\/api.w.org\/{rel}","templated":true}]}}